-4 (base 5) to base 3.
-11
Convert 10 (base 3) to base 7.
3
45 (base 9) to base 12
35
What is 1 (base 8) in base 14?
1
12 (base 4) to base 13
6
What is 532 (base 7) in base 9?
327
Convert -11 (base 5) to base 16.
-6
Convert -143 (base 9) to base 11.
-aa
5 (base 14) to base 7
5
-1e (base 15) to base 12
-25
-1 (base 6) to base 15
-1
Convert -43 (base 6) to base 14.
-1d
What is 1 (base 14) in base 3?
1
What is 202 (base 3) in base 7?
26
Convert 35 (base 7) to base 9.
28
What is 1 (base 15) in base 7?
1
1200 (base 3) to base 7
63
What is -b7 (base 15) in base 9?
-211
-24 (base 13) to base 5
-110
-16 (base 11) to base 2
-10001
Convert -92 (base 16) to base 4.
-2102
What is -100 (base 3) in base 16?
-9
What is -2 (base 13) in base 11?
-2
What is 7 (base 12) in base 7?
10
74 (base 12) to base 13
6a
8 (base 11) to base 8
10
-3 (base 9) to base 5
-3
What is -66 (base 11) in base 5?
-242
What is 121 (base 6) in base 11?
45
7c (base 13) to base 15
6d
40 (base 9) to base 10
36
-102 (base 4) to base 12
-16
Convert 3b (base 15) to base 5.
211
Convert -121 (base 4) to base 11.
-23
21 (base 6) to base 9
14
-244 (base 5) to base 15
-4e
Convert -57 (base 10) to base 14.
-41
What is 1 (base 14) in base 15?
1
What is -10 (base 9) in base 6?
-13
What is -1 (base 6) in base 4?
-1
What is -11 (base 14) in base 12?
-13
-1a (base 15) to base 8
-31
5 (base 13) to base 14
5
What is -100111000 (base 2) in base 13?
-1b0
What is 7 (base 8) in base 13?
7
6 (base 16) to base 11
6
Convert 3 (base 11) to base 3.
10
Convert -65 (base 15) to base 7.
-164
Convert 22 (base 9) to base 16.
14
What is -3 (base 5) in base 13?
-3
What is -55 (base 6) in base 15?
-25
What is 200 (base 3) in base 16?
12
What is 121 (base 5) in base 14?
28
Convert 63 (base 15) to base 3.
10110
Convert -102011 (base 3) to base 11.
-254
What is -1 (base 14) in base 15?
-1
What is -1 (base 12) in base 14?
-1
Convert 3c (base 14) to base 10.
54
What is -1 (base 7) in base 11?
-1
Convert 6 (base 9) to base 7.
6
-26 (base 13) to base 15
-22
-114 (base 12) to base 9
-187
What is 5 (base 7) in base 16?
5
Convert 101 (base 3) to base 14.
a
20 (base 16) to base 14
24
What is -5 (base 7) in base 15?
-5
Convert -111 (base 4) to base 6.
-33
What is -2 (base 9) in base 14?
-2
Convert -145 (base 11) to base 12.
-122
-2 (base 13) to base 5
-2
Convert 11 (base 5) to base 9.
6
-150 (base 10) to base 11
-127
What is 101202 (base 3) in base 8?
442
What is -21 (base 5) in base 2?
-1011
-123 (base 10) to base 6
-323
What is 0 (base 13) in base 15?
0
What is -6 (base 7) in base 9?
-6
What is -253 (base 6) in base 9?
-126
2 (base 12) to base 6
2
Convert 201 (base 3) to base 6.
31
Convert 17 (base 10) to base 3.
122
Convert -101 (base 3) to base 5.
-20
What is -2 (base 12) in base 2?
-10
What is -1110 (base 2) in base 9?
-15
-4 (base 6) to base 11
-4
What is -1 (base 13) in base 8?
-1
Convert 1f (base 16) to base 4.
133
What is -10111 (base 2) in base 7?
-32
-11 (base 4) to base 12
-5
-21 (base 12) to base 14
-1b
What is -3 (base 10) in base 8?
-3
What is 0 (base 3) in base 4?
0
Convert 0 (base 5) to base 10.
0
Convert -221 (base 4) to base 5.
-131
Convert 0 (base 14) to base 2.
0
What is -121 (base 3) in base 16?
-10
What is -10 (base 3) in base 13?
-3
-3 (base 6) to base 4
-3
What is -69 (base 10) in base 6?
-153
-64 (base 12) to base 11
-6a
-2412 (base 5) to base 8
-545
-2 (base 14) to base 6
-2
What is -1b (base 15) in base 16?
-1a
What is 51 (base 7) in base 8?
44
What is 2 (base 4) in base 8?
2
Convert 1001 (base 3) to base 11.
26
What is 35 (base 16) in base 9?
58
-14 (base 13) to base 11
-16
Convert 31 (base 5) to base 2.
10000
e (base 15) to base 10
14
-3 (base 12) to base 16
-3
100 (base 5) to base 15
1a
50 (base 6) to base 14
22
What is 110 (base 2) in base 14?
6
What is -1 (base 14) in base 5?
-1
What is 99 (base 12) in base 14?
85
What is -4 (base 15) in base 16?
-4
-25 (base 10) to base 13
-1c
-112 (base 6) to base 13
-35
What is 5 (base 11) in base 2?
101
-10002 (base 4) to base 16
-102
23 (base 6) to base 8
17
-1 (base 13) to base 2
-1
What is -5 (base 10) in base 2?
-101
-3 (base 16) to base 13
-3
-1011 (base 2) to base 6
-15
-225 (base 6) to base 15
-5e
100000 (base 2) to base 3
1012
What is -30 (base 14) in base 15?
-2c
What is -15 (base 16) in base 14?
-17
3 (base 8) to base 13
3
-20 (base 7) to base 6
-22
-2b (base 16) to base 12
-37
Convert 2 (base 11) to base 5.
2
Convert -1 (base 10) to base 8.
-1
-52 (base 16) to base 10
-82
What is -26 (base 14) in base 6?
-54
-1 (base 14) to base 2
-1
What is 1111 (base 3) in base 10?
40
Convert -1015 (base 6) to base 16.
-e3
-2 (base 12) to base 8
-2
What is -72 (base 8) in base 14?
-42
-3 (base 9) to base 3
-10
Convert -23 (base 11) to base 2.
-11001
-80 (base 10) to base 6
-212
2 (base 12) to base 8
2
What is 2 (base 4) in base 11?
2
What is -17 (base 10) in base 16?
-11
4 (base 10) to base 5
4
What is -5 (base 6) in base 11?
-5
What is -1 (base 7) in base 2?
-1
-15 (base 13) to base 3
-200
What is -21 (base 5) in base 11?
-10
-10 (base 14) to base 6
-22
Convert 11 (base 14) to base 12.
13
What is 12 (base 3) in base 7?
5
65 (base 10) to base 9
72
Convert 4 (base 13) to base 8.
4
3 (base 10) to base 6
3
-43 (base 6) to base 7
-36
Convert 3 (base 8) to base 9.
3
Convert 207 (base 10) to base 4.
3033
-10 (base 12) to base 13
-c
-1000 (base 2) to base 7
-11
What is 15 (base 16) in base 11?
1a
What is 15 (base 15) in base 16?
14
Convert -100 (base 2) to base 13.
-4
What is 12 (base 14) in base 6?
24
What is 101 (base 2) in base 5?
10
1e (base 15) to base 11
27
Convert -74 (base 8) to base 9.
-66
What is 25 (base 9) in base 13?
1a
Convert -240 (base 5) to base 11.
-64
Convert 5 (base 7) to base 4.
11
Convert -13 (base 6) to base 5.
-14
-e (base 16) to base 11
-13
-3 (base 11) to base 6
-3
What is -22 (base 3) in base 2?
-1000
81 (base 13) to base 7
210
-31 (base 5) to base 6
-24
What is -88 (base 10) in base 2?
-1011000
What is 1 (base 8) in base 15?
1
What is -84 (base 11) in base 12?
-78
Convert 58 (base 12) to base 5.
233
6 (base 8) to base 2
110
Convert -4 (base 12) to base 16.
-4
What is -111 (base 4) in base 7?
-30
What is 213 (base 8) in base 15?
94
Convert -a (base 14) to base 11.
-a
Convert -4 (base 15) to base 3.
-11
4 (base 16) to base 12
4
-11 (base 9) to base 4
-22
What is 5 (base 7) in base 3?
12
What is -45 (base 9) in base 10?
-41
Convert -1101 (base 2) to base 15.
-d
Convert 100 (base 11) to base 13.
94
4 (base 7) to base 15
4
Convert 40 (base 8) to base 13.
26
What is 13 (base 9) in base 11?
11
-34 (base 9) to base 16
-1f
What is 10 (base 12) in base 2?
1100
3 (base 12) to base 2
11
2112 (base 3) to base 14
4c
What is 2c (base 13) in base 5?
123
Convert 25 (base 6) to base 3.
122
What is 120 (base 4) in base 5?
44
Convert 17 (base 11) to base 13.
15
What is 158 (base 12) in base 14?
112
What is -51 (base 14) in base 5?
-241
e (base 16) to base 6
22
Convert 7 (base 15) to base 10.
7
Convert -15 (base 8) to base 12.
-11
2202 (base 4) to base 10
162
What is 2 (base 12) in base 11?
2
What is -9 (base 11) in base 10?
-9
What is 530 (base 6) in base 16?
c6
Convert -1111 (base 2) to base 16.
-f
What is 6 (base 12) in base 4?
12
Convert 4 (base 7) to base 4.
10
What is 42 (base 5) in base 13?
19
What is -1 (base 14) in base 3?
-1
What is -1100 (base 3) in base 9?
-40
-4 (base 15) to base 16
-4
Convert -51 (base 6) to base 10.
-31
Convert 4 (base 8) to base 11.
4
Convert -245 (base 6) to base 2.
-1100101
Convert -174 (base 14) to base 7.
-604
What is -5 (base 15) in base 11?
-5
What is 15 (base 13) in base 2?
10010
Convert -fd (base 16) to base 7.
-511
Convert -3 (base 11) to base 5.
-3
What is -3 (base 12) in base 6?
-3
-111 (base 4) to base 6
-33
2 (base 16) to base 13
2
-2 (base 5) to base 13
-2
Convert -162 (base 15) to base 10.
-317
Convert -123 (base 9) to base 15.
-6c
-11200 (base 4) to base 9
-431
Convert 7 (base 11) to base 13.
7
-32 (base 5) to base 4
-101
16 (base 14) to base 9
22
Convert 2 (base 16) to base 9.
2
37 (base 8) to base 13
25
What is -1122 (base 3) in base 7?
-62
-110 (base 4) to base 8
-24
What is -3 (base 15) in base 3?
-10
Convert 5 (base 14) to base 15.
5
-8 (base 11) to base 2
-1000
Convert 10332 (base 4) to base 13.
1b6
Convert 